{"id":136,"date":"2024-01-04T10:25:10","date_gmt":"2024-01-04T09:25:10","guid":{"rendered":"https:\/\/www.partypass.de\/?page_id=136"},"modified":"2025-01-17T11:05:36","modified_gmt":"2025-01-17T10:05:36","slug":"bayern","status":"publish","type":"page","link":"https:\/\/www.partypass.de\/?page_id=136","title":{"rendered":"Bayern"},"content":{"rendered":"<ul class=\"dlm-downloads\"><li><aside\n\tclass=\"download-box\">\n\n\t<img loading=\"lazy\" decoding=\"async\" width=\"100\" height=\"121\" src=\"https:\/\/www.partypass.de\/wp-content\/uploads\/2024\/01\/wappen-lk-landsberg-am-lech.jpg\" class=\"attachment-full size-full wp-post-image\" alt=\"\" \/>\n\t<div\n\t\tclass=\"download-count\">7087 Downloads<\/div>\n\n\t<div\n\t\tclass=\"download-box-content\">\n\n\t\t<h1>Landkreis Landsberg am Lech<\/h1>\n\n\t\t<div class=\"jd_download_description\">\n<p>Der PartyPass f\u00fcr den Landkreis Landsberg am Lech.<\/p>\n<\/div>\n\t\t\t\t<a  data-e-Disable-Page-Transition=\"true\" class=\"download-link download-button\" title=\"Version\u00a02018-01-02\" href=\"https:\/\/www.partypass.de?download=166&amp;tmstv=1777655134\" rel=\"nofollow\" id=\"download-link-166\" data-redirect=\"false\" >\n\t\t\tDatei herunterladen\t\t\t<small>partypass-lk-landsberg-am-lech.pdf\t\t\t\t&ndash; 857,26 KB<\/small>\n\t\t<\/a>\n\t\t\t<\/div>\n<\/aside>\n\n\n<\/li><li><aside\n\tclass=\"download-box\">\n\n\t<img loading=\"lazy\" decoding=\"async\" width=\"90\" height=\"100\" src=\"https:\/\/www.partypass.de\/wp-content\/uploads\/2024\/01\/wappen-landkreis-lindau.png\" class=\"attachment-full size-full wp-post-image\" alt=\"\" \/>\n\t<div\n\t\tclass=\"download-count\">20539 Downloads<\/div>\n\n\t<div\n\t\tclass=\"download-box-content\">\n\n\t\t<h1>Landkreis Lindau<\/h1>\n\n\t\t<p>Den PartyPass f\u00fcr den Landkreis Lindau herunterladen.<\/p>\n\t\t\t\t<a  data-e-Disable-Page-Transition=\"true\" class=\"download-link download-button\" title=\"Version\u00a02018-01-02\" href=\"https:\/\/www.partypass.de?download=86&amp;tmstv=1777655134\" rel=\"nofollow\" id=\"download-link-86\" data-redirect=\"false\" >\n\t\t\tDatei herunterladen\t\t\t<small>partypass-lk-lindau.pdf\t\t\t\t&ndash; 493,61 KB<\/small>\n\t\t<\/a>\n\t\t\t<\/div>\n<\/aside>\n\n\n<\/li><li><aside\n\tclass=\"download-box\">\n\n\t<img loading=\"lazy\" decoding=\"async\" width=\"92\" height=\"100\" src=\"https:\/\/www.partypass.de\/wp-content\/uploads\/2024\/01\/wappen-landkreis-neumarkt.gif\" class=\"attachment-full size-full wp-post-image\" alt=\"\" \/>\n\t<div\n\t\tclass=\"download-count\">24173 Downloads<\/div>\n\n\t<div\n\t\tclass=\"download-box-content\">\n\n\t\t<h1>Landkreis Neumarkt (Oberpfalz)<\/h1>\n\n\t\t<div class=\"jd_download_description\">\n<p>PartyPass f\u00fcr den Landkreis Neumarkt (Oberpfalz) herunterladen.<\/p>\n<\/div>\n\t\t\t\t<a  data-e-Disable-Page-Transition=\"true\" class=\"download-link download-button\" title=\"Version\u00a02018-01-02\" href=\"https:\/\/www.partypass.de?download=170&amp;tmstv=1777655134\" rel=\"nofollow\" id=\"download-link-170\" data-redirect=\"false\" >\n\t\t\tDatei herunterladen\t\t\t<small>partypass-lk-neumarkt.pdf\t\t\t\t&ndash; 591,04 KB<\/small>\n\t\t<\/a>\n\t\t\t<\/div>\n<\/aside>\n\n\n<\/li><li><aside\n\tclass=\"download-box\">\n\n\t<img loading=\"lazy\" decoding=\"async\" width=\"93\" height=\"100\" src=\"https:\/\/www.partypass.de\/wp-content\/uploads\/2024\/01\/wappen-landkreis-unterallgaeu.png\" class=\"attachment-full size-full wp-post-image\" alt=\"\" \/>\n\t<div\n\t\tclass=\"download-count\">5822 Downloads<\/div>\n\n\t<div\n\t\tclass=\"download-box-content\">\n\n\t\t<h1>Landkreis Unterallg\u00e4u<\/h1>\n\n\t\t<p>Hier der PartyPass f\u00fcr den Landkeis Unterallg\u00e4u. ACHTUNG: Hier werden nicht abgeholte PartyP\u00e4sse nicht an die Rath\u00e4user sondern ans Landratsamt weitergegeben!<\/p>\n\t\t\t\t<a  data-e-Disable-Page-Transition=\"true\" class=\"download-link download-button\" title=\"Version\u00a02018-01-02\" href=\"https:\/\/www.partypass.de?download=173&amp;tmstv=1777655134\" rel=\"nofollow\" id=\"download-link-173\" data-redirect=\"false\" >\n\t\t\tDatei herunterladen\t\t\t<small>partypass-lk-unterallgaeu.pdf\t\t\t\t&ndash; 431,56 KB<\/small>\n\t\t<\/a>\n\t\t\t<\/div>\n<\/aside>\n\n\n<\/li><li><aside\n\tclass=\"download-box\">\n\n\t<img loading=\"lazy\" decoding=\"async\" width=\"90\" height=\"100\" src=\"https:\/\/www.partypass.de\/wp-content\/uploads\/2024\/01\/wappen-allgaeu.jpg\" class=\"attachment-full size-full wp-post-image\" alt=\"\" \/>\n\t<div\n\t\tclass=\"download-count\">117072 Downloads<\/div>\n\n\t<div\n\t\tclass=\"download-box-content\">\n\n\t\t<h1>Region \"Allg\u00e4u\"<\/h1>\n\n\t\t<p>Der PartyPass f\u00fcr die Landkreise Oberallg\u00e4u, Westallg\u00e4u Ostallg\u00e4u und die kreisfreie Stadt Kempten. Anstatt Westallg\u00e4u kann auch der PartyPass Landkreis Lindau verwendet werden. Bitte f\u00fcr das Unterallg\u00e4u (Mindelheim) den eigenen PartyPass verwenden!<\/p>\n\t\t\t\t<a  data-e-Disable-Page-Transition=\"true\" class=\"download-link download-button\" title=\"Version\u00a02018-01-02\" href=\"https:\/\/www.partypass.de?download=79&amp;tmstv=1777655134\" rel=\"nofollow\" id=\"download-link-79\" data-redirect=\"false\" >\n\t\t\tDatei herunterladen\t\t\t<small>partypass-allgaeu.pdf\t\t\t\t&ndash; 829,28 KB<\/small>\n\t\t<\/a>\n\t\t\t<\/div>\n<\/aside>\n\n\n<\/li><li><aside\n\tclass=\"download-box\">\n\n\t<img loading=\"lazy\" decoding=\"async\" width=\"93\" height=\"100\" src=\"https:\/\/www.partypass.de\/wp-content\/uploads\/2024\/01\/wappen-stadt-kaufbeuren.jpg\" class=\"attachment-full size-full wp-post-image\" alt=\"\" \/>\n\t<div\n\t\tclass=\"download-count\">9358 Downloads<\/div>\n\n\t<div\n\t\tclass=\"download-box-content\">\n\n\t\t<h1>Stadt Kaufbeuren<\/h1>\n\n\t\t<div class=\"jd_download_description\">\n<p>Hier den PartyPass f\u00fcr die kreisfreie Stadt Kaufbeuren herunterladen.<\/p>\n<\/div>\n\t\t\t\t<a  data-e-Disable-Page-Transition=\"true\" class=\"download-link download-button\" title=\"Version\u00a02018-01-02\" href=\"https:\/\/www.partypass.de?download=176&amp;tmstv=1777655134\" rel=\"nofollow\" id=\"download-link-176\" data-redirect=\"false\" >\n\t\t\tDatei herunterladen\t\t\t<small>partypass-stadt-kaufbeuren.pdf\t\t\t\t&ndash; 1,81 MB<\/small>\n\t\t<\/a>\n\t\t\t<\/div>\n<\/aside>\n\n\n<\/li><li><aside\n\tclass=\"download-box\">\n\n\t<img loading=\"lazy\" decoding=\"async\" width=\"93\" height=\"100\" src=\"https:\/\/www.partypass.de\/wp-content\/uploads\/2024\/01\/wappen-stadt-memmingen.jpg\" class=\"attachment-full size-full wp-post-image\" alt=\"\" \/>\n\t<div\n\t\tclass=\"download-count\">6044 Downloads<\/div>\n\n\t<div\n\t\tclass=\"download-box-content\">\n\n\t\t<h1>Stadt Memmingen<\/h1>\n\n\t\t<div class=\"jd_download_description\">\n<p>Hier der PartyPass f\u00fcr die kreisfreie Stadt Memmingen.<\/p>\n<\/div>\n\t\t\t\t<a  data-e-Disable-Page-Transition=\"true\" class=\"download-link download-button\" title=\"Version\u00a02018-01-02\" href=\"https:\/\/www.partypass.de?download=179&amp;tmstv=1777655134\" rel=\"nofollow\" id=\"download-link-179\" data-redirect=\"false\" >\n\t\t\tDatei herunterladen\t\t\t<small>partypass-stadt-memmingen.pdf\t\t\t\t&ndash; 1,76 MB<\/small>\n\t\t<\/a>\n\t\t\t<\/div>\n<\/aside>\n\n\n<\/li><\/ul>\n\t\t\t\t\n","protected":false},"excerpt":{"rendered":"","protected":false},"author":2,"featured_media":0,"parent":72,"menu_order":0,"comment_status":"closed","ping_status":"closed","template":"wp-custom-template-download-bersicht","meta":{"footnotes":""},"class_list":["post-136","page","type-page","status-publish","hentry"],"_links":{"self":[{"href":"https:\/\/www.partypass.de\/index.php?rest_route=\/wp\/v2\/pages\/136","targetHints":{"allow":["GET"]}}],"collection":[{"href":"https:\/\/www.partypass.de\/index.php?rest_route=\/wp\/v2\/pages"}],"about":[{"href":"https:\/\/www.partypass.de\/index.php?rest_route=\/wp\/v2\/types\/page"}],"author":[{"embeddable":true,"href":"https:\/\/www.partypass.de\/index.php?rest_route=\/wp\/v2\/users\/2"}],"replies":[{"embeddable":true,"href":"https:\/\/www.partypass.de\/index.php?rest_route=%2Fwp%2Fv2%2Fcomments&post=136"}],"version-history":[{"count":4,"href":"https:\/\/www.partypass.de\/index.php?rest_route=\/wp\/v2\/pages\/136\/revisions"}],"predecessor-version":[{"id":485,"href":"https:\/\/www.partypass.de\/index.php?rest_route=\/wp\/v2\/pages\/136\/revisions\/485"}],"up":[{"embeddable":true,"href":"https:\/\/www.partypass.de\/index.php?rest_route=\/wp\/v2\/pages\/72"}],"wp:attachment":[{"href":"https:\/\/www.partypass.de\/index.php?rest_route=%2Fwp%2Fv2%2Fmedia&parent=136"}],"curies":[{"name":"wp","href":"https:\/\/api.w.org\/{rel}","templated":true}]}}