{"id":40,"date":"2023-09-11T13:33:36","date_gmt":"2023-09-11T11:33:36","guid":{"rendered":"https:\/\/www.partypass.de\/htdocs\/?page_id=40"},"modified":"2024-01-04T08:18:23","modified_gmt":"2024-01-04T07:18:23","slug":"rathauser","status":"publish","type":"page","link":"https:\/\/www.partypass.de\/?page_id=40","title":{"rendered":"Rath\u00e4user"},"content":{"rendered":"\n<p>Der PartyPass setzt auf die Mithilfe der Rath\u00e4user &#8211; ohne sie geht es nicht. Die beim Fest zur\u00fcckgebliebenen PartyP\u00e4sse werden vom Veranstalter zu dem Rathaus gebracht, das die Gestattung f\u00fcr das Fest ausgestellt hat. Die Rath\u00e4user nehmen die PartyP\u00e4sse an und machen in einem Anschreiben die Eltern der Jugendlichen darauf aufmerksam, dass der Verdacht einer Verletzung des Jugendschutzgesetzes vorliegt. Da sich das Jugendschutzgesetz in erster Linie an die Sorgebereichtigen von Kindern und Jugendlichen wendet, k\u00f6nnen Jugendliche nicht f\u00fcr Verst\u00f6\u00dfe zur Rechenschaft gezogen werden &#8211; sondern eben die Verantwortlichen, die den Schutz gew\u00e4hrleisten m\u00fcssen. Der zur\u00fcckgebliebene PartyPass kann dann beim B\u00fcrgermeisteramt wieder abgeholt werden. In einigen Gemeinden kann das (je nach Hauptsatzung) mit Geb\u00fchren verbunden sein. Diese Geb\u00fchren haben nichts mit dem PartyPass zu tun (der ist kostenlos) sondern mit dem Arbeitsaufwand der Verwaltung. Erfolgt keine Reaktion der Gemeinde, wird der PartyPass wertlos.<\/p>\n\n\n\n<p>Die Auswertung einer Evaluation bei den Gemeinden, die den PartyPass einsetzen, hat gezeigt, dass je klarer die Reaktion der Gemeindeverwaltung ist, desto weniger PartyP\u00e4sse zur\u00fcck bleiben. Bei Gemeinden, die die Eltern zu einem &#8222;belehrenden Gespr\u00e4ch&#8220; einladen und zudem eine Verwaltungsgeb\u00fchr verlangen, geht die Anzahl der zur\u00fcckgebliebenen PartyP\u00e4sse gehen null. Die Verwaltung kann sich also aussuchen, wie viel Arbeit sie mit der R\u00fcckgabe der PartyP\u00e4sse haben m\u00f6chte bzw. wof\u00fcr sie ihr Energie einsetzen m\u00f6chte.<\/p>\n","protected":false},"excerpt":{"rendered":"<p>Der PartyPass setzt auf die Mithilfe der Rath\u00e4user &#8211; ohne sie geht es nicht. Die beim Fest zur\u00fcckgebliebenen PartyP\u00e4sse werden vom Veranstalter zu dem Rathaus gebracht, das die Gestattung f\u00fcr das Fest ausgestellt hat. Die Rath\u00e4user nehmen die PartyP\u00e4sse an und machen in einem Anschreiben die Eltern der Jugendlichen darauf aufmerksam, dass der Verdacht einer [&hellip;]<\/p>\n","protected":false},"author":2,"featured_media":0,"parent":0,"menu_order":0,"comment_status":"closed","ping_status":"closed","template":"","meta":{"footnotes":""},"class_list":["post-40","page","type-page","status-publish","hentry"],"_links":{"self":[{"href":"https:\/\/www.partypass.de\/index.php?rest_route=\/wp\/v2\/pages\/40","targetHints":{"allow":["GET"]}}],"collection":[{"href":"https:\/\/www.partypass.de\/index.php?rest_route=\/wp\/v2\/pages"}],"about":[{"href":"https:\/\/www.partypass.de\/index.php?rest_route=\/wp\/v2\/types\/page"}],"author":[{"embeddable":true,"href":"https:\/\/www.partypass.de\/index.php?rest_route=\/wp\/v2\/users\/2"}],"replies":[{"embeddable":true,"href":"https:\/\/www.partypass.de\/index.php?rest_route=%2Fwp%2Fv2%2Fcomments&post=40"}],"version-history":[{"count":2,"href":"https:\/\/www.partypass.de\/index.php?rest_route=\/wp\/v2\/pages\/40\/revisions"}],"predecessor-version":[{"id":43,"href":"https:\/\/www.partypass.de\/index.php?rest_route=\/wp\/v2\/pages\/40\/revisions\/43"}],"wp:attachment":[{"href":"https:\/\/www.partypass.de\/index.php?rest_route=%2Fwp%2Fv2%2Fmedia&parent=40"}],"curies":[{"name":"wp","href":"https:\/\/api.w.org\/{rel}","templated":true}]}}